 and o?
28
Let c = -79 + 114. Let n = c - 25. What is the highest common factor of 2 and n?
2
Let a(h) = 2*h**2 - 6*h - 5. Let l be a(-7). Let t = -1521 - -1548. Calculate the highest common divisor of t and l.
27
Let o = 5 - 2. Suppose 4*s = 5*g - 37, -o*g - 2*s + 37 = 3*s. Let z be (-3)/g - 219/(-9). Calculate the highest common divisor of z and 6.
6
Let l(w) = 22*w + 10. Let n be l(1). What is the highest common divisor of 2 and n?
2
Let r = 34 + -20. Suppose 50 + 23 = 8*g - 487. What is the greatest common factor of r and g?
14
Suppose -2*z - 27 = 9. Let a be ((-8)/12)/2*z. What is the greatest common divisor of 48 and a?
6
Suppose -27 = -62*g + 61*g. Suppose -3*q + g = u, 0 = 8*u - 12*u - 5*q + 80. What is the greatest common divisor of u and 60?
15
Let i(p) = -p**3 - 23*p**2 - 21*p + 26. Let k be i(-22). Suppose -5*j + 72 = -3*r, k*r - 7 = -3. Calculate the highest common factor of 120 and j.
15
Let y(w) = 22*w**2 + 15*w - 17. Let s be y(1). Calculate the greatest common divisor of 45 and s.
5
Let i be (-2 - -1)/(0 - 1). Let w be ((0 - i) + 0)*-35. Suppose -4*m = -3*z + 6*z - 32, 3*z = -3*m + 27. What is the greatest common divisor of m and w?
5
Suppose 18*q - 23*q = -1440. What is the highest common divisor of 18 and q?
18
Suppose 5*f = -0*f, 0 = -2*u - 5*f + 26. Let h(m) = -m**3 - 7*m**2 + 12*m + 11. Let r be h(-9). What is the highest common divisor of r and u?
13
Let o = 4 + -3. Let b be (-63)/(-4) + o/4. Let s(i) = i**2 + 4*i - 4. Let w be s(2). What is the greatest common divisor of w and b?
8
Suppose 4*c + o - 6*o - 72 = 0, 3*c + 4*o = 85. What is the highest common divisor of 207 and c?
23
Suppose -d - 5 = -5. Suppose -4*x - 27 + 91 = d. What is the greatest common factor of 32 and x?
16
Let v(f) = -f**3 + 3*f**2 + 3*f + 15. Let m be v(0). What is the highest common factor of m and 285?
15
Let t(a) = 2*a - 3 + 2 + a + 4. Let k be t(3). Let n = 3 + k. What is the highest common factor of n and 3?
3
Let u(a) = a**3 - 6*a**2 - 6*a - 2. Let f be u(7). Let i = 178 + -176. What is the greatest common divisor of f and i?
1
Suppose 0*n = 3*n + 4*o - 44, -n - 3*o = -18. Let k = 43 + n. Let s = 14 - 3. What is the greatest common factor of k and s?
11
Let a be ((-8)/2)/(-1*3/12). What is the greatest common divisor of a and 36?
4
Let d be 15 - ((-3)/(-1) + -3). Let p be (d + 6)*(-1)/(-1). Suppose 2*n = 3*n - p. What is the highest common divisor of 189 and n?
21
Let t be (-3 - 1 - -127) + -2 + -1. Calculate the greatest common divisor of t and 15.
15
Let v(t) = 9*t**2 + 14*t + 19. Let m be v(-5). What is the greatest common divisor of m and 261?
87
Let m be 1182/27 + 8/36. Suppose -4*u - m = -3*i, 6*i + 3*u = i + 25. Suppose -i = -2*r + 26. What is the greatest common factor of r and 136?
17
Suppose x - 30 = 42. Suppose -1 - 22 = -2*i - r, -r - 31 = -4*i. Calculate the greatest common divisor of x and i.
9
Let b(m) = -m**3 - 10*m**2 - m + 6. Let s be (2 + 8/(-3))*-3. Suppose s*y + 20 = -0*y. Let j be b(y). Calculate the greatest common factor of 16 and j.
16
Let c = 49 - 13. What is the highest common divisor of c and 576?
36
Suppose 8*w - 11*w + 15 = 0. Let v = 12 - 7. Suppose 2*o + 5 = -5*i, -v*o - 5*i = -2*i - 16. What is the highest common divisor of o and w?
5
Suppose 3*n = -3*t + 336, 19*n + 3*t + 448 = 23*n. Suppose 4*g - 26 - 34 = 4*c, 0 = 2*c + 2. Calculate the greatest common divisor of n and g.
14
Let f(i) = 100*i**3 - i**2 - 13*i + 13. Let w be f(1). Let k(a) = -2*a - 3. Let t be k(-6). Calculate the greatest common divisor of t and w.
9
Let f(t) = -68*t**3 - 2*t**2 - 4*t - 2. Let n be f(-1). What is the highest common factor of n and 170?
34
Let y(n) = n**3 + 4*n**2 + 3*n + 6. Let p be y(-3). Let o = 50 + p. Calculate the greatest common factor of o and 7.
7
Suppose 0*f - 3*h = -5*f + 80, h + 90 = 5*f. What is the greatest common divisor of f and 1254?
19
Suppose -5*w + 3*n = 5*n - 841, 4*n - 668 = -4*w. Calculate the greatest common divisor of 65 and w.
13
Suppose 16*m = 12*m - c + 60, -5*c - 15 = -m. Calculate the greatest common factor of m and 345.
15
Suppose 2*g + 446 = 5*q, 460 = -0*g - 2*g - 2*q. Let j be (g/18)/(2/(-9)). What is the highest common factor of 19 and j?
19
Let x(l) = -l**3 - 6*l**2 - 2*l - 2. Let n be x(-6). Suppose 4*w + 6 = n. Suppose -8 = -4*d + 3*d. What is the greatest common divisor of d and w?
1
Suppose 0 = 4*a, -2*s + 160 = -0*a - a. Let k be (-4)/((-128)/344) + (-36)/48. Calculate the greatest common factor of s and k.
10
Let o be (-75)/(-24) - 5/40. Suppose o*x = 4*q - 72, q + 2*x = 5 + 13. Calculate the greatest common factor of 126 and q.
18
Suppose 13*f + 984 = 37*f. Calculate the greatest common divisor of 41 and f.
41
Let t be -98*(-3)/(9/12). Suppose 4*r = t - 12. What is the greatest common factor of 38 and r?
19
Let n(c) = 2*c**3 + 3*c**2 - 10*c + 8. Let f be n(3). Calculate the highest common divisor of 1 and f.
1
Suppose 3*t = 2*s - 106 - 148, 656 = 5*s + 3*t. Let w(h) = -h**3 - 4*h**2 + 8*h - 4. Let u be w(-6). Calculate the highest common factor of s and u.
10
Suppose -w + 5*f + 223 = 0, -5*f - 12 - 3 = 0. What is the greatest common divisor of 48 and w?
16
Let y = -67 - -59. Let i be (y/20)/(-3 - 29/(-10)). Calculate the highest common divisor of 12 and i.
4
Let f be 493/4 - 27/(-36). Suppose -5*v - 3*p = -0*p - f, 0 = p - 3. Suppose -v - 2 = -w. What is the greatest common factor of w and 25?
25
Let x(h) = h**3 + 3*h**2 - 4*h + 4. Let t be 4/26 - 108/26. Let a be x(t). Calculate the greatest common divisor of 4 and a.
4
Suppose 0 = -h, 3*k - h - 198 = 45. Calculate the highest common divisor of 621 and k.
27
Suppose -z - 2*z - c - 356 = 0, 0 = -2*z - 4*c - 224. Let k = z + 273. Calculate the greatest common factor of 17 and k.
17
Suppose 9 = -3*k + 3, 0 = -3*d - 3*k + 138. What is the highest common factor of d and 656?
16
Suppose 3*g - 40 = -2*d + 9, 5*d - 165 = g. Let f be (-20)/6*5088/(-265). Calculate the greatest common divisor of f and d.
32
Let v(u) = -u**2 + 6*u + 198. Let j be v(0). What is the highest common divisor of j and 9?
9
Let x(b) = 45*b. Let c be x(1). Suppose 39*w - 41*w + 16 = 0. Suppose -120 = -w*d - 0. Calculate the greatest common factor of d and c.
15
Suppose 0 = 17*y - 9*y - 368. Suppose 0 = 8*g - 82 - y. What is the greatest common factor of g and 80?
16
Let k(u) = u**2 + 11*u + 6. Let g be k(-8). Let j be g/6 - (-12 - -1). Calculate the highest common divisor of 2 and j.
2
Suppose 0 = -6*v + 59 - 11. Calculate the highest common factor of v and 8.
8
Suppose 12*r = 15*r - 243. What is the highest common factor of r and 189?
27
Let t(f) = -f + 4. Let k be t(-11). Suppose -3*u = -6 - 3. Let a be -16*((-90)/4)/u. Calculate the highest common factor of k and a.
15
Suppose 52 = 3*s - 2*g, -4*s + 3*g = -g - 76. Suppose -8*a + 514 = -s. What is the highest common factor of 22 and a?
22
Let y(a) = 22*a + 10. Let z(g) = -21*g - 10. Let t(r) = 2*y(r) + 3*z(r). Let c be t(-10). Calculate the highest common divisor of 20 and c.
20
Suppose 623 = 4*a - 2*h + 57, -h = -4*a + 563. Calculate the highest common factor of 60 and a.
20
Suppose -12 = -h + 4*h. Let t be 4/(-12) - 16/6. Let a be (1 + 7)*t/h. What is the greatest common divisor of a and 6?
6
Let v(m) = 2*m**2 + 27*m - 76. Let a be v(-16). Let f be (-2)/3 + (-150)/(-9). What is the highest common divisor of f and a?
4
Suppose 0 - 30 = -3*a. Suppose 2*m - 10 = -0. Let j be 84/a - 2/m. What is the highest common divisor of j and 20?
4
Suppose 1768 = 3*o - 2*d, 12*d - 1182 = -2*o + 15*d. Calculate the highest common divisor of o and 24.
12
Let y = 142 - 88. Suppose 2*g - 5*v = 15, 5*g - v + 5*v = y. Suppose 32 = 4*w - 8. What is the highest common factor of g and w?
10
Let o be 17 + ((-5)/10)/((-1)/14). Let v be (-26)/(-4) + 2/(-4). Calculate the greatest common divisor of v and o.
6
Suppose -2*r + 287 = -5*b, 0 = b + 2*r - 3*r + 58. Let i = b - -61. Calculate the greatest common factor of 3 and i.
1
Let n = 155 - 107. What is the highest common factor of 112 and n?
16
Let f = -39 - -42. Let y be 1 - 2 - (-73 - 0). Suppose y + 183 = f*t. Calculate the greatest common factor of t and 17.
17
Let f = 3 - -2. Let u(a) = -5 + 13 - 9 - 12*a + 5*a**2. Let w be u(f). What is the highest common divisor of 16 and w?
16
L